 common divisor of 426656 and 2985?
199
Calculate the greatest common factor of 3045 and 3306.
87
What is the highest common divisor of 449501 and 71?
71
What is the greatest common factor of 2346 and 6783068?
782
What is the greatest common factor of 4 and 558?
2
Calculate the highest common factor of 1482 and 746434.
494
What is the greatest common divisor of 30 and 2010?
30
Calculate the greatest common divisor of 127 and 68707.
127
Calculate the highest common divisor of 37 and 208532.
37
What is the highest common divisor of 689 and 1802?
53
What is the greatest common divisor of 11729 and 28847?
317
What is the greatest common factor of 991354 and 210?
14
Calculate the highest common divisor of 4 and 133.
1
What is the highest common divisor of 14 and 675458?
14
Calculate the highest common divisor of 891975 and 280.
35
Calculate the highest common divisor of 231 and 321342.
21
Calculate the highest common divisor of 1664 and 754.
26
Calculate the highest common divisor of 81 and 32481.
81
Calculate the highest common divisor of 2282055 and 1002.
501
What is the greatest common divisor of 121 and 29403?
121
Calculate the greatest common factor of 321815 and 65.
65
Calculate the highest common factor of 80 and 34520.
40
What is the highest common factor of 204 and 1224?
204
What is the highest common factor of 704 and 8000?
64
What is the greatest common factor of 4943232 and 216?
72
What is the highest common factor of 11325 and 7399?
151
Calculate the greatest common factor of 36406 and 6322.
218
What is the greatest common divisor of 64 and 5024?
32
Calculate the highest common divisor of 40050 and 3150.
450
What is the greatest common factor of 1074430 and 35?
35
What is the highest common divisor of 18 and 117846?
18
Calculate the greatest common divisor of 721 and 4865.
7
Calculate the highest common factor of 8500 and 23868.
68
What is the highest common divisor of 78554 and 6944?
434
What is the greatest common divisor of 5772 and 768?
12
Calculate the highest common divisor of 252 and 154588.
28
What is the greatest common factor of 256528 and 80?
16
Calculate the greatest common divisor of 120 and 1343850.
30
What is the greatest common divisor of 390405 and 765?
255
Calculate the greatest common divisor of 3388 and 1442.
14
What is the highest common factor of 49 and 1981?
7
What is the greatest common divisor of 210 and 12950?
70
What is the greatest common divisor of 391321 and 91?
7
What is the greatest common divisor of 3 and 89193?
3
Calculate the highest common divisor of 6513584 and 748.
748
What is the highest common factor of 10819 and 5235?
349
What is the greatest common factor of 28251 and 387?
387
What is the highest common factor of 190 and 17955?
95
Calculate the highest common divisor of 3132 and 84100.
116
Calculate the greatest common factor of 1392 and 4350.
174
Calculate the greatest common divisor of 3960 and 31920.
120
What is the highest common factor of 65 and 75790?
65
Calculate the greatest common factor of 5033 and 1001.
7
Calculate the highest common factor of 27 and 273933.
9
Calculate the greatest common divisor of 17716 and 4300.
172
Calculate the highest common factor of 12066 and 12.
6
What is the greatest common divisor of 64 and 636512?
32
Calculate the greatest common factor of 83970 and 945.
135
Calculate the greatest common factor of 920208 and 3.
3
Calculate the greatest common divisor of 3407852 and 147.
49
What is the highest common divisor of 481 and 8949486?
481
Calculate the highest common divisor of 1080746 and 2.
2
What is the greatest common factor of 4239 and 270?
27
Calculate the highest common divisor of 9884 and 644.
28
What is the highest common divisor of 71690 and 13400?
670
Calculate the greatest common factor of 17 and 32861.
17
What is the greatest common factor of 537530 and 490?
490
What is the highest common factor of 37158 and 24?
6
Calculate the greatest common factor of 149379 and 187.
17
What is the greatest common factor of 5270 and 6290?
170
Calculate the greatest common divisor of 426 and 264.
6
Calculate the highest common divisor of 4511 and 83512.
13
What is the greatest common factor of 41306 and 76?
38
Calculate the greatest common factor of 257985 and 630.
315
Calculate the highest common divisor of 28600 and 130.
130
Calculate the highest common factor of 2853296 and 48.
16
What is the greatest common factor of 72 and 51228?
36
What is the highest common divisor of 468 and 30771?
117
What is the highest common factor of 1420 and 22980?
20
Calculate the greatest common divisor of 1183 and 889.
7
Calculate the greatest common divisor of 396 and 30924.
36
What is the greatest common factor of 104490 and 216?
54
Calculate the greatest common factor of 361 and 2269607.
361
What is the greatest common factor of 72 and 129912?
24
What is the highest common factor of 2435 and 10145?
5
What is the highest common factor of 868122 and 306?
306
Calculate the highest common divisor of 495 and 155870.
55
What is the highest common divisor of 6215 and 605?
55
What is the greatest common factor of 1467 and 3586?
163
What is the highest common divisor of 418988 and 370?
74
What is the highest common factor of 581496 and 24?
24
What is the highest common factor of 18689 and 55?
11
Calculate the greatest common divisor of 28860 and 444.
444
What is the greatest common factor of 1 and 6155?
1
Calculate the highest common factor of 2 and 338642.
2
What is the highest common factor of 12 and 2368?
4
What is the greatest common factor of 6474 and 72708?
498
Calculate the highest common factor of 632 and 1721884.
316
Calculate the highest common factor of 28418 and 182.
26
Calculate the greatest common factor of 635 and 27178.
127
Calculate the highest common divisor of 713 and 3782.
31
Calculate the highest common factor of 2911 and 35855.
71
Calculate the greatest common factor of 25527 and 3810.
381
Calculate the greatest common factor of 1060536 and 24.
24
What is the greatest common factor of 266816 and 2274?
758
What is the greatest common divisor of 408350 and 50?
50
Calculate the greatest common divisor of 1880 and 2360.
40
Calculate the greatest common divisor of 18849 and 721.
103
What is the greatest common factor of 85511 and 3303?
367
What is the highest common factor of 3848 and 15873?
481
What is the greatest common factor of 17879836 and 988?
988
What is the highest common factor of 108 and 6401916?
108
Calculate the highest common divisor of 55230 and 21210.
210
What is the greatest common divisor of 83908 and 11?
11
What is the highest common factor of 212204 and 44?
4
What is the highest common factor of 32739 and 294?
21
What is the greatest common factor of 1261673 and 35?
7
Calculate the highest common divisor of 90 and 11835.
45
Calculate the highest common divisor of 261198 and 27.
27
What is the highest common divisor of 1932 and 5628?
84
What is the highest common factor of 4750 and 7750?
250
What is the highest common divisor of 707 and 2093?
7
Calculate the greatest common divisor of 15552 and 134976.
192
Calculate the highest common divisor of 7 and 10546.
1
Calculate the highest common divisor of 11275 and 3190.
55
Calculate the highest common factor of 182273 and 91.
91
What is the highest common factor of 94668 and 48?
12
Calculate the greatest common factor of 2565 and 48621.
57
What is the highest common factor of 75073 and 185?
37
What is the greatest common divisor of 43421 and 721?
7
What is the greatest common factor of 213 and 117079?
71
What is the highest common divisor of 27 and 2411217?
9
Calculate the greatest common divisor of 225360 and 72.
72
What is the highest common divisor of 12 and 961836?
12
What is the highest common divisor of 73041 and 36395?
251
Calculate the greatest common divisor of 102165 and 420.
105
What is the highest common divisor of 4664 and 185182?
106
What is the greatest common factor of 121583 and 77?
77
Calculate the highest common factor of 48934 and 430.
86
What is the greatest common divisor of 1273 and 95?
19
Calculate the greatest common factor of 704715 and 363.
33
What is the greatest common divisor of 69734 and 1372?
14
Calculate the highest common factor of 720676 and 484.
484
Calculate the gre